t is the thousands digit of 17746344?
6
What is the thousands digit of 6492907?
2
What is the thousands digit of 258947?
8
What is the thousands digit of 743424?
3
What is the hundreds digit of 291217?
2
What is the tens digit of 46003?
0
What is the units digit of 29508?
8
What is the ten thousands digit of 512646?
1
What is the units digit of 948194?
4
What is the tens digit of 184084?
8
What is the ten thousands digit of 938664?
3
What is the hundred thousands digit of 9541193?
5
What is the hundred thousands digit of 1367723?
3
What is the hundreds digit of 27563231?
2
What is the thousands digit of 1024597?
4
What is the millions digit of 3125065?
3
What is the ten thousands digit of 587873?
8
What is the hundred thousands digit of 494790?
4
What is the hundred thousands digit of 296636?
2
What is the units digit of 9438287?
7
What is the ten millions digit of 18216585?
1
What is the millions digit of 11707929?
1
What is the millions digit of 2687059?
2
What is the hundreds digit of 246048?
0
What is the ten millions digit of 13514999?
1
What is the units digit of 82315?
5
What is the hundred thousands digit of 102094?
1
What is the thousands digit of 939256?
9
What is the units digit of 1198539?
9
What is the thousands digit of 2957584?
7
What is the ten thousands digit of 742770?
4
What is the hundreds digit of 1713494?
4
What is the millions digit of 25134860?
5
What is the thousands digit of 317045?
7
What is the thousands digit of 32838?
2
What is the thousands digit of 494810?
4
What is the ten thousands digit of 2652295?
5
What is the units digit of 18653138?
8
What is the units digit of 7556?
6
What is the hundred thousands digit of 806905?
8
What is the ten thousands digit of 251504?
5
What is the thousands digit of 110316?
0
What is the hundred thousands digit of 573763?
5
What is the thousands digit of 536673?
6
What is the thousands digit of 6504690?
4
What is the hundred thousands digit of 3217005?
2
What is the units digit of 9302?
2
What is the hundreds digit of 5136793?
7
What is the ten millions digit of 10218667?
1
What is the thousands digit of 2326160?
6
What is the hundred thousands digit of 155978?
1
What is the hundreds digit of 4038858?
8
What is the ten thousands digit of 1940794?
4
What is the hundred thousands digit of 21126271?
1
What is the thousands digit of 37168?
7
What is the hundreds digit of 48962?
9
What is the ten thousands digit of 1407303?
0
What is the hundred thousands digit of 13296737?
2
What is the tens digit of 966457?
5
What is the hundreds digit of 6083942?
9
What is the units digit of 2196436?
6
What is the hundreds digit of 5646954?
9
What is the units digit of 139428?
8
What is the ten thousands digit of 1119987?
1
What is the thousands digit of 173135?
3
What is the tens digit of 3086649?
4
What is the hundreds digit of 183108?
1
What is the hundreds digit of 114191?
1
What is the hundred thousands digit of 1346317?
3
What is the ten millions digit of 14781051?
1
What is the ten thousands digit of 2341649?
4
What is the tens digit of 15016163?
6
What is the tens digit of 69049?
4
What is the ten millions digit of 17745031?
1
What is the hundred thousands digit of 6311277?
3
What is the tens digit of 1145547?
4
What is the ten thousands digit of 144341?
4
What is the tens digit of 190703?
0
What is the millions digit of 1888082?
1
What is the tens digit of 923235?
3
What is the units digit of 4157070?
0
What is the hundreds digit of 2379343?
3
What is the thousands digit of 93872?
3
What is the tens digit of 163608?
0
What is the units digit of 1006261?
1
What is the units digit of 17626624?
4
What is the hundred thousands digit of 186305?
1
What is the ten thousands digit of 231496?
3
What is the millions digit of 9064566?
9
What is the tens digit of 1004884?
8
What is the hundred thousands digit of 8767964?
7
What is the hundred thousands digit of 223568?
2
What is the ten thousands digit of 101228?
0
What is the tens digit of 352709?
0
What is the thousands digit of 223505?
3
What is the millions digit of 2653465?
2
What is the millions digit of 24621895?
4
What is the ten millions digit of 23037739?
2
What is the hundreds digit of 7625353?
3
What is the hundred thousands digit of 9761218?
7
What is the hundreds digit of 4620280?
2
What is the hundreds digit of 959555?
5
What is the tens digit of 3136784?
8
What is the ten thousands digit of 56332?
5
What is the hundreds digit of 3161751?
7
What is the hundreds digit of 770240?
2
What is the thousands digit of 702970?
2
What is the tens digit of 2063652?
5
What is the units digit of 2785340?
0
What is the thousands digit of 664458?
4
What is the hundred thousands digit of 735476?
7
What is the thousands digit of 347536?
7
What is the thousands digit of 3140449?
0
What is the hundred thousands digit of 102657?
1
What is the hundreds digit of 1734444?
4
What is the tens digit of 494391?
9
What is the hundreds digit of 1170443?
4
What is the millions digit of 5728975?
5
What is the hundreds digit of 7409189?
1
What is the thousands digit of 25445140?
5
What is the millions digit of 2499564?
2
What is the tens digit of 2060357?
5
What is the units digit of 968973?
3
What is the hundreds digit of 2450976?
9
What is the millions digit of 5618392?
5
What is the thousands digit of 11678957?
8
What is the hundreds digit of 1851769?
7
What is the thousands digit of 8360710?
0
What is the tens digit of 791455?
5
What is the hundreds digit of 286883?
8
What is the ten thousands digit of 25267?
2
What is the thousands digit of 7873773?
3
What is the hundreds digit of 3374468?
4
What is the hundred thousands digit of 979807?
9
What is the millions digit of 6677155?
6
What is the units digit of 113320?
0
What is the units digit of 291033?
3
What is the ten thousands digit of 165658?
6
What is the thousands digit of 12280718?
0
What is the millions digit of 3490451?
3
What is the tens digit of 36019024?
2
What is the ten thousands digit of 2252527?
5
What is the ten thousands digit of 1005458?
0
What is the hundred thousands digit of 437212?
4
What is the hundreds digit of 10076081?
0
What is the hundred thousands digit of 9645597?
6
What is the millions digit of 5126916?
5
What is the thousands digit of 157838?
7
What is the tens digit of 457714?
1
What is the ten millions digit of 20767490?
2
What is the units digit of 269891?
1
What is the thousands digit of 1232444?
2
What is the thousands digit of 42449?
2
What is the units digit of 4631736?
6
What is the hundred thousands digit of 331456?
3
What is the thousands digit of 820711?
0
What is the ten millions digit of 10716613?
1
What is the hundred thousands digit of 619085?
6
What is the ten thousands digit of 2720623?
2
What is the thousands digit of 597302?
7
What is the hundred thousands digit of 1273994?
2
What is the units digit of 175113?
3
What is the tens digit of 12649279?
7
What is the thousands digit of 18218?
8
What is the hundreds digit of 27494184?
1
What is the millions digit of 2969185?
2
What is the tens digit of 34121646?
4
What is the tens digit of 518556?
5
What is the tens digit of 8643282?
8
What is the ten thousands digit of 893903?
9
What is the thousands digit of 2860594?
0
What is the ten thousands digit of 484618?
8
What is the thousands digit of 2740806?
0
What is the millions digit of 2003338?
2
What is the ten thousands digit of 13567089?
6
What is the hundreds digit of 76644?
6
What is the hundred thousands digit of 282971?
2
What is the millions digit of 1127494?
1
What is the hundred thousands digit of 164075?
1
What is the units digit of 16493475?
5
What is the tens digit of 1776849?
4
What is the tens digit of 157446?
4
What is the tens digit of 1616686?
8
What is the thousands digit of 115353?
5
What is the tens digit of 3178060?
6
What is the units digit of 88500?
0
What is the tens digit of 85375?
7
What is the thousands digit of 1678150?
8
What is the tens digit of 7440399?
9
What is the units digit of 62877?
7
What is the hundreds digit of 2136963?
9
What is the hundred thousands digit of 19677850?
6
What is the units digit of 527932?
2
What is the ten thousands digit of 933643?
3
What is the ten thousands digit of 2236177?
3
What is the tens digit of 10